{"id":690,"date":"2025-01-20T15:16:53","date_gmt":"2025-01-20T15:16:53","guid":{"rendered":"https:\/\/tractoresdeags.com.mx\/?page_id=690"},"modified":"2025-01-20T15:16:53","modified_gmt":"2025-01-20T15:16:53","slug":"contactanos","status":"publish","type":"page","link":"https:\/\/tractoresdeags.com.mx\/index.php\/contactanos\/","title":{"rendered":"CONTACTANOS"},"content":{"rendered":"\n<div class=\"wp-block-group alignfull has-accent-5-background-color has-background has-global-padding is-layout-constrained wp-container-core-group-is-layout-d89aad35 wp-block-group-is-layout-constrained\" style=\"margin-top:0;margin-bottom:0;padding-top:var(--wp--preset--spacing--50);padding-right:var(--wp--preset--spacing--50);padding-bottom:var(--wp--preset--spacing--50);padding-left:var(--wp--preset--spacing--50)\">\n<div class=\"wp-block-columns alignwide is-layout-flex wp-container-core-columns-is-layout-1da03c2a wp-block-columns-is-layout-flex\">\n<div class=\"wp-block-column is-vertically-aligned-center is-layout-flow wp-block-column-is-layout-flow\" style=\"flex-basis:60%\">\n<figure class=\"wp-block-gallery has-nested-images columns-default is-cropped wp-block-gallery-3 is-layout-flex wp-block-gallery-is-layout-flex\">\n<figure class=\"wp-block-image size-full is-style-rounded wp-duotone-unset-2 is-style-rounded--1\"><img loading=\"lazy\" decoding=\"async\" width=\"2560\" height=\"1920\" data-id=\"691\" src=\"https:\/\/tractoresdeags.com.mx\/wp-content\/uploads\/2025\/01\/20240112_093622-scaled.jpg\" alt=\"\" class=\"wp-image-691\" style=\"aspect-ratio:4\/3;object-fit:cover\" srcset=\"https:\/\/tractoresdeags.com.mx\/wp-content\/uploads\/2025\/01\/20240112_093622-scaled.jpg 2560w, https:\/\/tractoresdeags.com.mx\/wp-content\/uploads\/2025\/01\/20240112_093622-300x225.jpg 300w, https:\/\/tractoresdeags.com.mx\/wp-content\/uploads\/2025\/01\/20240112_093622-1024x768.jpg 1024w, https:\/\/tractoresdeags.com.mx\/wp-content\/uploads\/2025\/01\/20240112_093622-768x576.jpg 768w, https:\/\/tractoresdeags.com.mx\/wp-content\/uploads\/2025\/01\/20240112_093622-1536x1152.jpg 1536w, https:\/\/tractoresdeags.com.mx\/wp-content\/uploads\/2025\/01\/20240112_093622-2048x1536.jpg 2048w\" sizes=\"auto, (max-width: 2560px) 100vw, 2560px\" \/><\/figure>\n<\/figure>\n<\/div>\n\n\n\n<div class=\"wp-block-column is-layout-flow wp-block-column-is-layout-flow\" style=\"flex-basis:40%\">\n<h2 class=\"wp-block-heading\">Guiding your business through the project<\/h2>\n\n\n\n<p>Encu\u00e9ntranos en Boulevard Norte 202, Buenos Aires, 20020, Aguascalientes, Ags.<br>Estamos aqu\u00ed para ofrecerte las mejores soluciones agr\u00edcolas. <\/p>\n\n\n\n<p>Si lo prefieres, tambi\u00e9n puedes visitar nuestras p\u00e1ginas oficiales y chatear con nosotros directamente. Estamos listos para atenderte y resolver cualquier duda. <strong>\u00a1Estamos para servirte!<\/strong><\/p>\n<\/div>\n<\/div>\n<\/div>\n\n\n\n<div class=\"wp-block-group alignfull has-global-padding is-layout-constrained wp-container-core-group-is-layout-d89aad35 wp-block-group-is-layout-constrained\" style=\"margin-top:0;margin-bottom:0;padding-top:var(--wp--preset--spacing--50);padding-right:var(--wp--preset--spacing--50);padding-bottom:var(--wp--preset--spacing--50);padding-left:var(--wp--preset--spacing--50)\">\n<div class=\"wp-block-columns alignwide are-vertically-aligned-center is-layout-flex wp-container-core-columns-is-layout-47c06fe3 wp-block-columns-is-layout-flex\">\n<div class=\"wp-block-column is-vertically-aligned-center is-layout-flow wp-block-column-is-layout-flow\" style=\"flex-basis:50%\">\n<h2 class=\"wp-block-heading\">Puedes ponerte en contacto con nosotros,por que a nuestros clientes siempre sen entrega lo mejor. <\/h2>\n\n\n\n<ul style=\"line-height:1.75\" class=\"is-style-checkmark-list wp-block-list\">\n<li><strong>449 914 3911<\/strong><\/li>\n\n\n\n<li><strong>449 107 4631<\/strong><\/li>\n\n\n\n<li><strong>gerencia@tractoresdeags.com.mx<\/strong><\/li>\n<\/ul>\n<\/div>\n\n\n\n<div class=\"wp-block-column is-vertically-aligned-center is-layout-flow wp-block-column-is-layout-flow\" style=\"flex-basis:50%\">\n<figure class=\"wp-block-image size-full is-style-rounded is-style-rounded--4\"><img loading=\"lazy\" decoding=\"async\" width=\"500\" height=\"500\" src=\"https:\/\/tractoresdeags.com.mx\/wp-content\/uploads\/2025\/01\/logo-en-general-areas.png\" alt=\"\" class=\"wp-image-692\" style=\"aspect-ratio:4\/3;object-fit:cover\" srcset=\"https:\/\/tractoresdeags.com.mx\/wp-content\/uploads\/2025\/01\/logo-en-general-areas.png 500w, https:\/\/tractoresdeags.com.mx\/wp-content\/uploads\/2025\/01\/logo-en-general-areas-300x300.png 300w, https:\/\/tractoresdeags.com.mx\/wp-content\/uploads\/2025\/01\/logo-en-general-areas-150x150.png 150w\" sizes=\"auto, (max-width: 500px) 100vw, 500px\" \/><\/figure>\n<\/div>\n<\/div>\n<\/div>\n","protected":false},"excerpt":{"rendered":"<p>Guiding your business through the project Encu\u00e9ntranos en Boulevard Norte 202, Buenos Aires, 20020, Aguascalientes, Ags.Estamos aqu\u00ed para ofrecerte las mejores soluciones agr\u00edcolas. Si lo prefieres, tambi\u00e9n puedes visitar nuestras p\u00e1ginas oficiales y chatear con nosotros directamente. Estamos listos para atenderte y resolver cualquier duda. \u00a1Estamos para servirte! Puedes ponerte en contacto con nosotros,por que [&hellip;]<\/p>\n","protected":false},"author":1,"featured_media":0,"parent":0,"menu_order":0,"comment_status":"closed","ping_status":"closed","template":"","meta":{"footnotes":""},"class_list":["post-690","page","type-page","status-publish","hentry"],"_links":{"self":[{"href":"https:\/\/tractoresdeags.com.mx\/index.php\/wp-json\/wp\/v2\/pages\/690","targetHints":{"allow":["GET"]}}],"collection":[{"href":"https:\/\/tractoresdeags.com.mx\/index.php\/wp-json\/wp\/v2\/pages"}],"about":[{"href":"https:\/\/tractoresdeags.com.mx\/index.php\/wp-json\/wp\/v2\/types\/page"}],"author":[{"embeddable":true,"href":"https:\/\/tractoresdeags.com.mx\/index.php\/wp-json\/wp\/v2\/users\/1"}],"replies":[{"embeddable":true,"href":"https:\/\/tractoresdeags.com.mx\/index.php\/wp-json\/wp\/v2\/comments?post=690"}],"version-history":[{"count":1,"href":"https:\/\/tractoresdeags.com.mx\/index.php\/wp-json\/wp\/v2\/pages\/690\/revisions"}],"predecessor-version":[{"id":693,"href":"https:\/\/tractoresdeags.com.mx\/index.php\/wp-json\/wp\/v2\/pages\/690\/revisions\/693"}],"wp:attachment":[{"href":"https:\/\/tractoresdeags.com.mx\/index.php\/wp-json\/wp\/v2\/media?parent=690"}],"curies":[{"name":"wp","href":"https:\/\/api.w.org\/{rel}","templated":true}]}}